t k be (2/6)/((-4)/(-336)). What is the greatest common divisor of k and 42?
14
Let b(v) = 19*v. Let s be b(2). Suppose 9 + 9 = 3*f - 4*q, 0 = -5*f + 4*q + s. Calculate the greatest common divisor of 50 and f.
10
Suppose -7*u + 136 = -11. What is the highest common factor of 21 and u?
21
Suppose -8*g + 12*g = 0. Let q(v) = -v**3 - v**2 + 8. Let f be q(g). Calculate the greatest common factor of 8 and f.
8
Let m(y) = 5*y - 43. Let o be m(12). What is the highest common factor of 153 and o?
17
Let y = 2 - -4. Let p(f) = 2*f + 5*f**2 - 1 + 5*f - 5*f. Let n be p(1). What is the greatest common factor of n and y?
6
Suppose -l = 4*l - 5*u, 2*u + 4 = 3*l. Suppose 0*y - l*y + 396 = 0. What is the greatest common divisor of 11 and y?
11
Suppose 0 = -u - m + 179, 2*m = -3*u - u + 718. What is the greatest common factor of 20 and u?
20
Let g(p) = 9*p - 2. Let s be g(6). Suppose -7*t + 8 = -3*t, 0 = 4*v + 2*t - s. Calculate the highest common divisor of v and 4.
4
Let u = -33 + 46. Suppose 0*z + z = 4*o - u, -z = -3. Suppose 0 = -3*d - 0*d + 24. Calculate the greatest common factor of d and o.
4
Suppose 0*x - 57 = -3*x. What is the highest common factor of 209 and x?
19
Let i = -42 - -82. Let j = 8 - 3. Suppose -j*a = 2*s - 48, 4*a = -s + 4*s + 43. What is the highest common factor of a and i?
10
Let w be 1*(1 + -4 + 102). What is the greatest common divisor of 11 and w?
11
Let b be (-2)/(1*(-6)/408). What is the highest common divisor of b and 17?
17
Suppose 0 = 2*g - g - 4. Suppose -g*d + 26 + 38 = 0. Suppose -z - 24 = -2*z. Calculate the highest common factor of z and d.
8
Suppose -8*o = -3*o - 160. Let a be (o/20)/(2/5). What is the highest common divisor of a and 28?
4
Suppose 126 = 3*t + 6*t. Suppose 154 - 28 = 3*p. What is the greatest common divisor of t and p?
14
Suppose -2*a + 32 = -4*d + a, 3*d + 35 = 5*a. Let n = 16 + d. Calculate the greatest common factor of 99 and n.
11
Suppose -d - 29 = -4*t, 4*t = -3*d + 6*d + 31. Calculate the highest common divisor of 56 and t.
7
Suppose 0 = -3*q + q - 2, -5*c + 14 = -4*q. Let v be (-325 - 2/(-1)) + c. Let n = -177 - v. Calculate the highest common divisor of 18 and n.
18
Let v(q) = -2*q**2 + 21*q - 17. Let c be v(8). What is the greatest common factor of 23 and c?
23
Suppose k = 2*u - 0*u + 103, -3*u - 101 = -k. Let m = k + -26. What is the greatest common divisor of 9 and m?
9
Let j(d) be the second derivative of d**5/2 + d**3/6 + d**2/2 + 3*d. Let n be j(-1). Let g be (-96)/n - 4/(-10). What is the highest common divisor of g and 40?
10
Suppose y + 6 = 21. What is the highest common divisor of 6 and y?
3
Let g(t) be the first derivative of t**4/4 - 10*t**3/3 + 3*t**2/2 - 9*t - 3. Let n be g(10). What is the greatest common factor of 3 and n?
3
Let r = 67 + -48. Let o(p) = 5 + 6 - p**2 - 7*p + r*p. Let y be o(12). Calculate the highest common divisor of y and 77.
11
Suppose -3*l + 20 = l. Calculate the highest common divisor of l and 5.
5
Let s = -122 + 129. What is the greatest common divisor of 14 and s?
7
Let q be 1/((-3)/(-27)) + -2. Suppose 2*p = -5*b + 21, -4*b - 5 = q. Calculate the greatest common factor of p and 45.
9
Let y(a) = -a**3 + 4*a**2 + a + 3. Let w be y(4). Let b = 189 + -318. Let z = b + 185. What is the highest common factor of z and w?
7
Let l(u) = -15*u - 1. Let c be 2 - (0 - 0 - -3). Let t be l(c). Calculate the highest common factor of t and 7.
7
Suppose 4*i + 0 + 4 = 0, 3*l + 5*i + 35 = 0. Let r be (0 + 6)/(l/(-20)). Let o(j) = 18*j. Let b be o(1). Calculate the greatest common factor of r and b.
6
Let m = 4 - -6. Suppose 6*t + 108 = m*t. What is the highest common factor of 135 and t?
27
Suppose 0 = t + 15 - 17. What is the greatest common factor of 46 and t?
2
Let y = -5 + 8. Suppose -v = -1, y*h - 70 = -2*v + 172. Let g = 8 + 24. Calculate the highest common factor of h and g.
16
Suppose a + 0*w - w = 8, 5*a + 2*w = 40. Let x(j) = -3*j + 6. Let s be x(4). Let l be (-4)/6 - 388/s. Calculate the greatest common divisor of a and l.
8
Let f(b) = b**3 - 5*b**2 - 12*b - 8. Let o be f(7). What is the greatest common divisor of o and 12?
6
Suppose -3*h + 7*h - 1332 = -5*w, -3*w + 804 = 4*h. What is the greatest common divisor of w and 33?
33
Let m be ((-15)/(-10))/((-2)/(-100)). What is the highest common factor of m and 50?
25
Let c be -1 - -2*(-3)/6. Let d be (c - -4) + (-1 - -6). Let o = 7 - 6. What is the highest common factor of o and d?
1
Suppose -x - 525 = -6*x. What is the greatest common factor of x and 15?
15
Let g(q) = q**3 + 12*q**2 - 3*q + 24. Let k be g(-12). What is the greatest common factor of k and 20?
20
Let q = 24 + -37. Let c = q - -18. Suppose 0 = 5*n - c*d + 25 - 80, 0 = 5*d + 5. Calculate the greatest common divisor of n and 5.
5
Let n be 1 - -7 - -7 - (-1 - -1). Suppose u = -0*u + 15. Calculate the greatest common divisor of n and u.
15
Let h = 14 + 47. Suppose -59 = -3*x + h. Calculate the highest common factor of 10 and x.
10
Suppose -3*f + 106 = -0*f + j, 4*j - 186 = -5*f. What is the highest common factor of 68 and f?
34
Suppose 2*g = -g + 90. Suppose 3*n = 4*n - g. Let t = 10 + -5. What is the greatest common factor of t and n?
5
Let k(o) = -o**2 + 9*o - 2. Let n be k(6). Let f = 24 - n. What is the greatest common factor of f and 48?
8
Suppose -p + 10 = p + 5*f, 0 = -p - 5*f + 5. Suppose p*q - 3 = 7, 14 = 5*y - 3*q. Let m = 4 - 2. What is the highest common divisor of y and m?
2
Let h(m) = -2*m + 6. Let a(g) = -5*g**3 + g**2 + g - 1. Let v be a(1). Let i be h(v). Calculate the greatest common factor of 14 and i.
14
Suppose -z = 2*z. Suppose 4*g + g - 30 = z. Calculate the highest common divisor of 48 and g.
6
Let u be (10 - (4 - 0))*1. What is the highest common divisor of 24 and u?
6
Suppose 3*h = 2*t - 4, -8*h = -2*t - 3*h + 4. Suppose -a + 0*a = s - 10, 0 = 3*s. What is the greatest common divisor of t and a?
2
Suppose -3*y + 4*f = -11 - 21, y = f + 10. Suppose -4*v = -24 + y. Suppose b = v*o - b - 108, o = -2*b + 32. Calculate the highest common divisor of o and 14.
14
Suppose 0 = -4*u + 5 + 7, u - 171 = -3*k. Calculate the highest common divisor of 28 and k.
28
Let u(z) = 2*z**3 - 8*z**2 + 7*z - 6. Let v be u(5). Let w be v/9 - (-6)/27. Calculate the highest common factor of 45 and w.
9
Let x(w) = -6*w + 14. Let l be x(2). Calculate the highest common divisor of l and 16.
2
Let o(x) = 20*x - 4. Let z be o(3). Calculate the greatest common factor of z and 14.
14
Let g(f) = -f**3 - 28*f**2 - 28*f - 5. Let d be g(-27). Calculate the highest common factor of d and 66.
22
Suppose -6 = 28*q - 30*q. Let i be -2 + -2*(2 - 4). Calculate the greatest common factor of q and i.
1
Let g(k) = -k + 1. Let t be g(-7). Let h = 1 + 1. Calculate the highest common factor of h and t.
2
Let s be ((-1)/2)/(3/(-18)). Let u(i) = -15*i**3 - 2*i**2 + i. Let d be u(1). Let v = d + 22. What is the highest common factor of s and v?
3
Let y(j) = 2*j - 2. Let r be y(4). Let s be 27/r*16/3. Calculate the greatest common divisor of 6 and s.
6
Suppose -3*s = 2*j - 5, 6*j + 2*s = 7*j - 20. What is the greatest common factor of j and 90?
10
Let l(b) = 2*b**2 - 11*b + 7. Let c be l(5). Let a be (-130)/(-14) - 2/7. Let f = a - c. Calculate the highest common factor of f and 7.
7
Let o = -33 - -47. What is the highest common divisor of 7 and o?
7
Suppose -h + 0*h = 0. Suppose 2*k + h*i = i + 3, -4*k - 2*i - 6 = 0. Let u be 30/(k + 3/2). Calculate the highest common divisor of 50 and u.
10
Suppose -5*z + 60 = -75. Let b = 37 + z. What is the greatest common divisor of 8 and b?
8
Suppose -5*i - 8 + 173 = 0. Let d = 30 + i. Let s(l) = 5*l**3 + l. Let t be s(2). Calculate the highest common divisor of t and d.
21
Let q = -11 - -14. Suppose -3*c + 24 = -2*v + 7*v, 2*v = c + q. Suppose 0 = 2*m + v*m - 120. What is the greatest common divisor of 8 and m?
8
Let j(z) = 9*z**3 - 2*z - 10*z**3 - 1 - 21*z**3. Let d be j(-1). Let f = 269 + -62. Calculate the greatest common divisor of f and d.
23
Let h = -6 - -4. Let g be 3/h*24/18. Let s be (-8)/g + -2 - -19. Calculate the greatest common factor of 3 and s.
3
Let f(n) = 6 - 2 + 2 - n. Let q be f(0). Suppose -2*b + 99 = 2*g - b, 153 = 3*g + 3*b. What is the greatest common divisor of q and g?
6
Suppose 4*t - 2*c - 22 = 0, -2*t - 4*c + 6 = -1